{"id":403,"date":"2026-02-27T11:49:01","date_gmt":"2026-02-27T11:49:01","guid":{"rendered":"https:\/\/vocinelvento.it\/?page_id=403"},"modified":"2026-02-27T11:49:01","modified_gmt":"2026-02-27T11:49:01","slug":"obiettivi","status":"publish","type":"page","link":"https:\/\/vocinelvento.it\/?page_id=403","title":{"rendered":"Obiettivi"},"content":{"rendered":"\n<p>Il progetto, finanziato dalla regione Emilia Romagna, si propone lo studio di un sistema informativo in grado di comprendere il romagnolo e generare contenuti contestuali.<\/p>\n\n\n\n<p>Gli obiettivi del progetto sono legati alla preservazione e alla promozione del ricco patrimonio di identit\u00e0 culturali e tradizioni locali. In un&#8217;epoca caratterizzata dalla globalizzazione, \u00e8 fondamentale proteggere le radici culturali dei territori e tutelare le diversit\u00e0 etnografiche. La creazione di contenuti tematici etnografico-territoriali tramite soluzioni innovative contribuisce alla valorizzazione del patrimonio culturale e alla promozione turistica sostenibile.<\/p>\n\n\n\n<p>Il progetto pone una forte enfasi sul coinvolgimento attivo delle comunit\u00e0 locali. Le persone interessate che vivono nelle aree coinvolte sono parte integrante del processo di raccolta di dati e informazioni, garantendo un approccio partecipativo e inclusivo. Le loro voci, storie e testimonianze abilitano la creazione di contenuti contestuali, autentici e rappresentativi. A questo riguardo, cerchiamo il coinvolgimento di organizzazioni che operino nelle case di riposo, per il recupero di contenuti dalla memoria di diretti protagonisti e anziani che abbiano storie da raccontare. Questo materiale, o meglio la sua rielaborazione, sar\u00e0 impiegata nel processo di restituzione, sotto forma di contenuti orchestrati prodotti dai modelli generativi.<\/p>\n\n\n\n<p>Gli obiettivi sono molteplici: tutela delle tradizioni, promozione turistica sostenibile, coinvolgimento innovativo delle comunit\u00e0. Si vuole creare un ponte tra il passato e il futuro, utilizzando la tecnologia per raccogliere, preservare e diffondere le &#8220;voci&#8221; delle tradizioni locali tramite il &#8220;vento&#8221; digitale.<\/p>\n","protected":false},"excerpt":{"rendered":"<p>Il progetto, finanziato dalla regione Emilia Romagna, si propone lo studio di un sistema informativo in grado di comprendere il romagnolo e generare contenuti contestuali. Gli obiettivi del progetto sono legati alla preservazione e alla promozione del ricco patrimonio di identit\u00e0 culturali e tradizioni locali. In un&#8217;epoca caratterizzata dalla globalizzazione, \u00e8 fondamentale proteggere le radici [&hellip;]<\/p>\n","protected":false},"author":1,"featured_media":0,"parent":0,"menu_order":0,"comment_status":"closed","ping_status":"closed","template":"","meta":{"footnotes":""},"class_list":["post-403","page","type-page","status-publish","hentry"],"_links":{"self":[{"href":"https:\/\/vocinelvento.it\/index.php?rest_route=\/wp\/v2\/pages\/403","targetHints":{"allow":["GET"]}}],"collection":[{"href":"https:\/\/vocinelvento.it\/index.php?rest_route=\/wp\/v2\/pages"}],"about":[{"href":"https:\/\/vocinelvento.it\/index.php?rest_route=\/wp\/v2\/types\/page"}],"author":[{"embeddable":true,"href":"https:\/\/vocinelvento.it\/index.php?rest_route=\/wp\/v2\/users\/1"}],"replies":[{"embeddable":true,"href":"https:\/\/vocinelvento.it\/index.php?rest_route=%2Fwp%2Fv2%2Fcomments&post=403"}],"version-history":[{"count":1,"href":"https:\/\/vocinelvento.it\/index.php?rest_route=\/wp\/v2\/pages\/403\/revisions"}],"predecessor-version":[{"id":406,"href":"https:\/\/vocinelvento.it\/index.php?rest_route=\/wp\/v2\/pages\/403\/revisions\/406"}],"wp:attachment":[{"href":"https:\/\/vocinelvento.it\/index.php?rest_route=%2Fwp%2Fv2%2Fmedia&parent=403"}],"curies":[{"name":"wp","href":"https:\/\/api.w.org\/{rel}","templated":true}]}}